se 4*a - 28 = z*a. What are the prime factors of a?
2, 7
Let z(q) = q**2 - 8*q + 1. Let u be z(9). Let t(s) = s**3 - 9*s**2 - 11*s + 14. List the prime factors of t(u).
2
Suppose -d - 3*w + 7 = 0, -4 = 2*d + w - 18. What are the prime factors of d?
7
Suppose -4*f + 2*f + 77 = -3*o, -f = -4. Let c = o - -36. List the prime factors of c.
13
Suppose -5*n + 2*z + z = -145, 0 = -5*z. List the prime factors of n.
29
Let g be 6 + (-1 - 2) - -44. Let i = 74 - g. What are the prime factors of i?
3
Let q be 20 + (1 - (-8)/(-2)). Suppose -q = -4*v + 11. What are the prime factors of v?
7
Let n = -15 - -23. Suppose 4*a + 44 = n. What are the prime factors of a/(-1) - (2 + -2)?
3
Let q(y) = -y**3 + 3*y**2 + 3*y. Let n be q(3). Let c be ((-4)/6)/((-2)/n). Let w = c - -1. List the prime factors of w.
2
Let f be (4 - 5)*4/(-2). Suppose -3*j + a + 83 = 0, f*j + 5*a = -0*j + 27. What are the prime factors of j?
2, 13
Let p(u) = 7*u - 8. What are the prime factors of p(10)?
2, 31
Let p = 3 - 3. Suppose t - 2*t + 16 = p. Suppose -4*g = 2*y - y - t, 4*y + 4*g - 40 = 0. What are the prime factors of y?
2
Suppose -3*p = -6 - 3. Suppose -u + 9 = -3*s, -s = u + 2*s + p. Suppose 5 + 4 = u*n. List the prime factors of n.
3
Let j = -159 + 342. What are the prime factors of j?
3, 61
Suppose 2*k - 101 = -0*n + n, -2*k + 4*n = -104. List the prime factors of k.
2, 5
Let l be (-241)/(-5) + (-2)/10. Let q = l - 31. Let o = q - -1. List the prime factors of o.
2, 3
Suppose -168 = -12*r + 8*r. What are the prime factors of r?
2, 3, 7
Let v(m) = -m**3 - 2*m**2 - 2*m. Let i(s) = -s**3 - 6*s**2 - s - 2. Let f be i(-6). Suppose -t = 3*r - f + 13, -2*t + 4*r = -2. List the prime factors of v(t).
3, 5
Let m(v) = -v**2 - 17*v + 11. Let b be m(-14). Suppose -j = -3*k - 10 + b, -5*j + 25 = 0. List the prime factors of k.
2
Let d(w) = -5*w + 6. Let g(o) = -o - 1. Let l(p) = -d(p) + 2*g(p). List the prime factors of l(7).
13
Let k = 12 + -16. List the prime factors of (-71)/k + (-15)/20.
17
What are the prime factors of ((-3)/9 - 8/3)*-6?
2, 3
Let y(c) = 8*c**2 + 4*c + 6. What are the prime factors of y(-3)?
2, 3, 11
Let o(z) = -z**3 - 2*z**2 - z + 4. List the prime factors of o(-5).
2, 3, 7
Let t be -16 - -8 - (-2 + 0). Let c(o) = o**2 - 2*o - 5. List the prime factors of c(t).
43
Let w be (3 + -1 + -1)/(-1). List the prime factors of (w/(-3))/(2/174).
29
Suppose 5*g - a = 11, 0 = -a + 5*a - 16. Suppose 4*d = -g*z + 19 - 2, 3*d + 3*z - 12 = 0. What are the prime factors of d?
5
Let d(q) = q + 8. Let y be d(-6). Let m(w) = -5*w - 4 + 0*w**2 - 2*w**y + w**2. List the prime factors of m(-3).
2
Let g(l) = l**3 + 18*l**2 - 6*l - 20. List the prime factors of g(-18).
2, 11
Let i(t) = -4*t - 5 + t**2 + 5 + 3. Let a be i(3). List the prime factors of (1 - a)/(1/12).
2, 3
Let d = -2 - -2. Let n be -1 + 4 + 0 - -1. Suppose d = -0*h + n*h - 16. List the prime factors of h.
2
Let m be (-1*1)/(4/(-44)). Suppose -4*n = -3*n + 4*l - m, -3*n + l = -20. Let g = n + -5. What are the prime factors of g?
2
What are the prime factors of (948/(-8) + 4)*-2?
229
Suppose 0 = c - 5 - 18. Let f = c + -12. List the prime factors of f.
11
Let d be (6/(-4))/(3/(-36)). Suppose -1 = r + 1. List the prime factors of (r + -2)*d/(-8).
3
Suppose 4*k - 4*i - 384 = -0*i, -2*i + 273 = 3*k. What are the prime factors of k?
3, 31
Let u(i) = i**3 + 6*i**2 + 5*i + 4. Let k = -9 - -17. Let z be (15/(-12))/(2/k). List the prime factors of u(z).
2
Suppose -4*r - 2*j - 3 + 241 = 0, 2*j = -r + 61. What are the prime factors of r?
59
Let y = -238 - -574. What are the prime factors of y?
2, 3, 7
Let a = 4 + -4. Suppose 5*v - 30 + a = 0. Let w = v - 0. List the prime factors of w.
2, 3
Let f be 204/(-16) - (-2)/(-8). Let p = 43 + f. What are the prime factors of p?
2, 3, 5
Let m = -22 - -28. What are the prime factors of m?
2, 3
Suppose 0 = -0*q - 3*q. Suppose q = -3*x - 0*a - a + 11, 2*a - 10 = -2*x. Suppose 4*u = 3*d - 24, x*d - 5*d = -3*u - 16. List the prime factors of d.
2
Let p(x) = x**2 - x - 2. Let k be p(0). List the prime factors of (-120)/(-8) + k + 5.
2, 3
Let k = 25 - 23. Suppose -k*c + 9 = -15. What are the prime factors of c?
2, 3
Let g be (7/(-2))/((-3)/6). Let u(z) = -4 + 12*z - z**2 - 2*z - 6. List the prime factors of u(g).
11
Let u(g) = g + 10. Let q be u(-9). Let r = 3 + q. Suppose r*v + 20 = 60. List the prime factors of v.
2, 5
Suppose -5*d + 20 = -5. What are the prime factors of d?
5
Suppose 0*c + 378 = 3*c. List the prime factors of c.
2, 3, 7
Let f(w) = -w**3 + 8*w**2 - 5*w + 2. Let d be f(7). Suppose 3*t = 4*t - d. What are the prime factors of t?
2
Let c(o) = o**2 + 2*o. Let k be c(-3). Suppose k*x = -x + 24. List the prime factors of x.
2, 3
Let h = 110 + -176. Let a be (h/(-9))/(1/6). Suppose 4*u + 12 = a. What are the prime factors of u?
2
Suppose -2*s + 12 = 2. Let a(i) be the third derivative of -i**5/60 + 5*i**4/24 + 2*i**3/3 - 17*i**2. What are the prime factors of a(s)?
2
Suppose -2*x + i + 7 = 0, 5 = 3*x + 5*i - 12. Let l(z) = -z**3 + 5*z**2 + z + 4. Let w be l(x). Suppose -26 = -5*n + w. What are the prime factors of n?
2, 5
Let p = 27 + -12. Suppose -n + y + 0*y + p = 0, -y - 63 = -5*n. What are the prime factors of n?
2, 3
Suppose -3*b + 0*b = 27. List the prime factors of 3/b - 260/(-15).
17
Let d(f) = 7*f - 17. List the prime factors of d(7).
2
Let g be -6*((-14)/6 + 2). Suppose -3*x + g*x - 7 = -3*w, 5*w = 4*x + 14. Suppose -6*q + w*q + 20 = 0. List the prime factors of q.
5
Let p(h) = 72*h - 5. List the prime factors of p(2).
139
Let i(d) = d**2 + 4*d + 2. Let b be (-2)/(-7) - (-360)/14. Suppose -3*r + b = -4*s, 2*s + 7*r = 2*r. What are the prime factors of i(s)?
7
Let z = -29 + 72. What are the prime factors of z?
43
Let w(r) = -1 + 2*r**3 - 4*r - r**3 - 1 + 1. List the prime factors of w(3).
2, 7
Let h(v) = v. Let g(k) = 5. Let w(l) = g(l) + 2*h(l). What are the prime factors of w(0)?
5
Let m be (-4)/8*1*-4. What are the prime factors of (4/(-5))/(m/(-10))?
2
Suppose -2*c = c + 24. Let n = c + 29. List the prime factors of n.
3, 7
List the prime factors of 12/(-32)*2*-36.
3
Suppose 5*r + 52 = 3*q, -3*q = -r + 2*r - 22. What are the prime factors of q?
3
Suppose -2*h + 3 = x, -5*h + 4 = -h + 4*x. Let v(i) = -i + 9. Let y be v(9). Suppose h*q - q - 5 = y. List the prime factors of q.
5
Let c(p) = 60*p**3 - 13*p**2 - 3*p - 7. Let w(j) = -20*j**3 + 4*j**2 + j + 2. Let a(r) = 2*c(r) + 7*w(r). Let t = 2 - 3. What are the prime factors of a(t)?
3, 7
Let q = -282 + 427. List the prime factors of q.
5, 29
Let c(k) = k**2 + 8*k + 9. Let l be c(-7). Let g = 10 + l. List the prime factors of g.
2, 3
Suppose 80 - 668 = -4*p. List the prime factors of p.
3, 7
Let v be 4/(-6) - (-118)/6. What are the prime factors of -4 - ((4 - v) + 2)?
3
Let t = 95 + -17. List the prime factors of t.
2, 3, 13
Suppose -4*d + 2*o = -148, 4*d + 3*o = -o + 136. Suppose -d = 4*q - 8*q. List the prime factors of q.
3
Let n(w) = -2*w**3 - w**2 - 2*w - 1. Let a be n(-2). Suppose 5*i + 5 - a = 0, 2*u + 5*i = 20. Suppose 0 = -2*j + 3*j - u. What are the prime factors of j?
5
Suppose 5 = -5*y - 5. What are the prime factors of (30*y)/(-2) + -1?
29
Let y(q) = 3*q**2 + 3*q + 2. Let l be y(-3). Suppose -l = 2*b - 7*b. Suppose 5*i + 3*a = 45, 5*a + 1 = i + b*a. What are the prime factors of i?
2, 3
Suppose 3*x - 142 = 5*w, 4*w + 0 = -20. List the prime factors of x.
3, 13
Suppose k = -3*k + 4*m + 8, -m = 2*k - 13. Suppose -5*x + 3*j = 8*j - 170, -k*x + 152 = -j. What are the prime factors of x?
31
Suppose 4*x = -4*r + 60, -3*r + x = -5*r + 25. What are the prime factors of r?
2, 5
Let p(o) = 65*o**2 + o. Let r be p(1). Suppose r = 5*c + 6. Suppose c = -2*q + 4*q. List the prime factors of q.
2, 3
Suppose -5*m - b = b + 50, -2*b - 2 = -m. List the prime factors of (-2)/8 + (-154)/m.
19
Let w = 15 + -12. List the prime factors of 16 - w*(2 - 3).
19
Let y be (-22)/3 + (-10)/15. Let t = -4 - y. List the prime factors of t.
2
Let y(r) = r**3 - 4*r**2 + 3*r + 2. Let j be y(3). Suppose 23 = -j*x + 99. List the prime factors of x.
2, 19
Let g = -31 + 25. Let p(a) = -4*a**2 - 3*a + 8. Let j(o) = -7*o**2 - 6*o + 16. Let f(z) = -3*j(z) + 5*p(z). List the prime factors of f(g).
2, 5
Suppose 3*r - 19 = -7. What are the prime factors of r?
2
Li